-2881995)/(-99) - (-114)/(-1881)).
2, 29, 251
Let p = 30 + -27. Suppose 21*l - 30384 = -p*l. What are the prime factors of l?
2, 3, 211
Let q(z) = -z**2 + 5*z + 15. Let o be q(6). Suppose 325 = -o*a + 3286. What are the prime factors of a?
7, 47
Let c = 14044 - 936. List the prime factors of c.
2, 29, 113
Suppose -11*y - 22922 = -102738. What are the prime factors of y?
2, 907
Let i be -4*(2 - -1 - 195/20). Suppose -4*c = i - 63. Let y = c + 48. List the prime factors of y.
3, 19
Let w be 1105 - ((16 - 10) + (1 - 2)). Let n = w + 104. List the prime factors of n.
2, 7, 43
Let j(q) = -8*q + 2. Let f be j(-5). Suppose 0 = -5*k + 4*r + f, k + 9 = -0*k - 5*r. Suppose 56 = k*h - 58. List the prime factors of h.
19
Let o = 1596 - -23. Let s = o - 903. What are the prime factors of s?
2, 179
Suppose 4*i = 4*n - 353984, -36 = 116*i - 120*i. List the prime factors of n.
5, 31, 571
Let c(o) = o**3 + 5*o**2 - o - 5. Let p be c(-5). Suppose 0 = -p*i - 3*i - 9, 93 = 5*j - i. Suppose -j*y + 19*y - 140 = 0. What are the prime factors of y?
2, 5, 7
Let f(o) = o + 1. Let x(h) = 8*h + 7. Let r = -46 - -45. Let y(z) = r*x(z) + 4*f(z). What are the prime factors of y(-13)?
7
Let g(m) = -5*m + 40. Let c be g(8). Suppose c = -3*u + 3*t + 3, 1 = u + t - 5*t. What are the prime factors of u + -2 + 44 + 0?
43
Suppose 2*s - 4*h - 2 = 0, -8*h + 6 = 3*s - 11*h. Suppose -5*q - 4226 = -3*v - q, s*v - 4210 = -4*q. List the prime factors of v.
2, 19, 37
Let r(l) = l**2 + 4*l + 26. Suppose 0*a - 7*a + 154 = 0. Suppose 66*v = 64*v - a. List the prime factors of r(v).
103
Let k(r) = 22*r - 24. Let v be k(22). Suppose -5*n + 2*a = -v, -2*n - 4*a + 70 = -n. What are the prime factors of n?
2, 3, 5
Let b = -136 - -138. Suppose 84 = 2*g + 5*f - 41, 0 = b*g + f - 121. What are the prime factors of g?
2, 3, 5
Suppose 10*t - 1902 + 581 = 1059. List the prime factors of t.
2, 7, 17
Let d = 105407 + -37387. List the prime factors of d.
2, 5, 19, 179
List the prime factors of -2*(2 + -5956) + 10*(-16)/40.
2, 3, 31
Let p(c) = -5*c**2 + 11*c - 5*c**2 - 25 - 7*c**2 - c**3. Let z(g) = 13*g - 122. Let r be z(8). What are the prime factors of p(r)?
101
Let u be 1/(-4) + ((-259)/(-28) - 5). Suppose 302 = 2*k - 4*m, u*k + 2*m = 4*m + 586. List the prime factors of k.
5, 29
Suppose n + 5 - 8 = -5*o, -4*o = 5*n - 15. Suppose l + 0 - n = 0, 3*s - l = 4251. What are the prime factors of s?
2, 709
Let m be (-1*152)/((-13)/(-286)). Let u be (-15)/(-25) - m/10. Let y = u - 212. What are the prime factors of y?
3, 41
Let u(c) = 2*c**3 + 5*c - 10. Let f be u(2). Suppose -10 = 3*j - f. What are the prime factors of ((-4)/j - -4)*(-445)/(-10)?
89
Suppose 0 = 5*y + 10, 5*i - 23 = -5*y + 4*y. Suppose -i*m - 4*c + 4593 = 0, -18*m + 5*c = -16*m - 1824. List the prime factors of m.
7, 131
Let s = 55 - 82. Let f = 21 + s. What are the prime factors of f/4*(-952)/12?
7, 17
Let t(x) be the first derivative of 23*x**3/6 - 13*x**2/2 + 28*x + 28. Let i(l) be the first derivative of t(l). What are the prime factors of i(7)?
2, 37
Suppose u - 4*m = 13, 20 + 5 = 3*u - 5*m. Suppose 0 = u*r - 3*r - 6. Suppose g + r*g = 552. What are the prime factors of g?
2, 3, 23
Let f(a) = 71*a**2 + 15*a + 5. Let j be -2*(-8)/(-3) - 3/(-9). Let b be f(j). Suppose -3*x + b = 8*x. List the prime factors of x.
5, 31
Suppose 0 = 4*s - 3*h - 58013, -49 = -20*h - 189. What are the prime factors of s?
2, 11, 659
Let n(f) = f**2 + 2*f - 1. Let s be n(1). Suppose -o - 4*d - 1152 = -2*o, s*o = -4*d + 2292. List the prime factors of o.
2, 7, 41
Suppose -21*f + 0*f = 10*f - 25017. List the prime factors of f.
3, 269
Let y be (-18)/(-117) + 3/(39/(-223)). Let z(t) = -t**3 - 14*t**2 + 11*t + 36. What are the prime factors of z(y)?
2, 179
Let t(g) = 5*g**2 - 83*g - 26. Let b be t(17). Suppose -v + 3*j + 438 = j, -v - 4*j + 450 = 0. Suppose b*l - 846 = v. What are the prime factors of l?
7, 23
Let t be (-3)/(42/(-105) + 11/(-10)). Suppose -5*a - 2*f + 539 + 2787 = 0, 2*a + t*f - 1328 = 0. What are the prime factors of a?
2, 3, 37
Let q(j) = j**3 - 9*j**2. Let v be q(9). Suppose -2*m - 5*n = -2*n + 62, -4*m + 2*n - 124 = v. Let a = -22 - m. List the prime factors of a.
3
Let w(c) = -63*c + 885. List the prime factors of w(-8).
3, 463
Let g(t) = 8672*t - 5736. What are the prime factors of g(10)?
2, 53, 191
Let f(t) = -988 + 17*t**2 + 21*t - 988 + 1981. What are the prime factors of f(-4)?
193
Suppose -255*g = -260*g - 5*u + 1230, -5*g - 4*u + 1226 = 0. List the prime factors of g.
2, 11
Let l(r) = -12*r**2 + 13*r + 25. Let z be l(-6). Let f = -314 - z. What are the prime factors of f?
3, 19
Let m(u) = -u**3 + 9*u**2 + 2*u - 16. Let d be m(9). Suppose -7*q - j = -2*q + 12, 15 = -3*q + d*j. Let o(k) = -22*k + 7. What are the prime factors of o(q)?
73
Let x(b) = -23*b**2 + 8*b - 16. Let h be x(2). Let l = 139 + h. Let t = 318 - l. List the prime factors of t.
271
Let g = -737 - -1048. Let f = -197 + g. What are the prime factors of f?
2, 3, 19
Suppose -3569*t + 3534*t = -65765. What are the prime factors of t?
1879
Let d(k) = -167*k - 1263. List the prime factors of d(-20).
31, 67
Suppose 5*p = -27 + 32. Let n be 130 + (p - (-3 - -2)). List the prime factors of (-7)/(14/n)*(-1 - 1).
2, 3, 11
What are the prime factors of (357561/(-36) - (-6)/8)*(-18 - -16)?
3, 2207
Let f = 20 + -16. Suppose 0*p = f*p - 5*h - 399, p = h + 99. Suppose 65 = r + i, -3*r + 2*i + 79 = -p. What are the prime factors of r?
61
Suppose 2*y + 140 = 5*t + 3*y, -4*t - 3*y + 123 = 0. Suppose 264 = -t*o + 31*o. List the prime factors of -7 + 4 + 0 + o.
3, 7
Let m be 5 + (138 - (4 - 1)). Let n = -129 + m. What are the prime factors of n?
11
Let k(f) = -2986*f + 76. What are the prime factors of k(-15)?
2, 22433
Let m be 26/(-6) + 4 - 8/12. List the prime factors of (-5 + m)/((-6)/694).
2, 347
What are the prime factors of (-550246)/(-26) - 716/2327?
21163
Let l = -15 - -21. Suppose 0 = g, 3*g = -v + l*v. Suppose v = 2*p + 2*t - 168, p - 5*t = -33 + 147. List the prime factors of p.
89
List the prime factors of 1/12*-52*(-3571 - (-2 - 2)).
13, 29, 41
Let d = 17658 + -8573. What are the prime factors of d?
5, 23, 79
Suppose 0 = -5*s - 4*g + 101022, 77*g - 121218 = -6*s + 75*g. What are the prime factors of s?
2, 3, 7, 13, 37
Let u = -23 - -28. Suppose -2*h - u*d = -121 + 34, 103 = 3*h + 2*d. Let c = h + -16. List the prime factors of c.
3, 5
Let a(n) = 803*n + 376. List the prime factors of a(2).
2, 991
Let k(j) = -2*j - 35. Let y be k(-19). Let x(c) = 3*c**2 - 4*c**2 + 0*c**2 - c**y + 5*c + 2*c**2 - 4. What are the prime factors of x(-3)?
17
Suppose -4*t + t + 2*l + 8 = 0, 4*l + 14 = 5*t. Let c(g) = 14 + 2*g**3 - 16*g + 17*g**2 - t*g**3 - g**3. List the prime factors of c(16).
2, 7
Suppose -5*z + 31 = 11. Suppose q - z = -2. Suppose -441 = -q*p - 7*p. List the prime factors of p.
7
Let y(s) = -s**3 + 41*s**2 - 30*s + 47. Let w be y(40). Let m = w + 211. List the prime factors of m.
2, 7, 47
Suppose 1 = q, -5*q = 2*j - q - 10. Let y(k) = 3*k**3 - 3. Let n be y(-4). What are the prime factors of ((n + -3)/j)/(-2)?
3, 11
Let b be -91*590/(-5) - -7. Suppose -22*t = b - 30061. What are the prime factors of t?
2, 439
Let n be (-1 + 423)/(6/9). Suppose 2*q - 3076 = -9*q + 6934. Let y = q - n. List the prime factors of y.
277
Suppose -128*n + 293467 = -313505 - 257284. List the prime factors of n.
2, 211
What are the prime factors of -39*(797400/(-54))/20?
5, 13, 443
Suppose 3*i - 2*n = n + 51, -2*n = -3*i + 46. Let q(m) = 97*m - 184. Let f(g) = 19*g - 37. Let w(d) = 11*f(d) - 2*q(d). List the prime factors of w(i).
3, 47
Let y = -220 - -55. List the prime factors of (-21219)/y + 4/10.
3, 43
Suppose -y = -5*j + 2*y + 232, -3*j + 120 = 3*y. Let l = 41 - j. What are the prime factors of 4/l*(-303)/(-2)*-1?
2, 101
Suppose 3*i - m = 13, -4*i + 0 = -m - 17. Suppose -y - w + 13 = y, 5*y - 25 = -i*w. Suppose -4*a = -y*a + 110. What are the prime factors of a?
2, 11
Let s = 6 - 12. Let n(h) = -h**3 - h**2 + 19*h - 1. What are the prime factors of n(s)?
5, 13
Suppose -13*f = -12*f - 1. What are the prime factors of 179588/114 + (f - 7/3)?
2, 787
Let f = -12883 - -21797. What are the prime factors of f?
2, 4457
Suppose 2*l = -r + 31143, -105*r + 107*r = -6. What are the prime factors of l?
3, 29, 179
